*3 + j**2 + 1. Let b(z) = 35*z + 4 + 6*z**2 - 31*z + 7*z**3 - 6*z**3 - 2*z**3. Let i(p) = 2*a(p) - b(p). Determine i(-3).
1
Let r(u) = 2*u**3 + u**2. Let s(n) = 4*n + 21. Let p be s(-3). Suppose 5 = -4*z + p*z. What is r(z)?
3
Let a(y) = 3*y**2 + 2*y - 2. Let t(k) = -29*k**2 - 27*k - 3. Let o(s) = 10*a(s) + t(s). Calculate o(8).
-15
Let t = 12 + -10. Suppose -t*j - s = 0, -3*s = -5*j + 8 - 30. Let h(l) = -2*l + 127. Let i(c) = -c + 36. Let q(d) = -2*h(d) + 7*i(d). Give q(j).
4
Let h(q) = -1602*q + 3146*q - 1599*q - 330. Give h(-6).
0
Suppose -2098 = -29*i + 1324. Let j(y) = 6*y**3 + 119*y**2 - 7*y**3 - 2 - 3*y - i*y**2. Give j(-2).
16
Let u(h) = -h**3 - 2*h**2 + 4*h + 3. Let t = 1724 + -1727. What is u(t)?
0
Let p(b) = b**3 + 10*b**2 - 26*b - 22. Let q be p(-12). Let t(j) = -95 - 2*j + 0*j**q - 2*j**2 + 12*j**3 + 4*j + 94. What is t(1)?
11
Let x(z) = z**3 - 5*z**2 + 3*z - 2. Suppose 0 = -3*l + l. Suppose l = u - 11*u. Suppose u = -2*b + 3*b - 5. Give x(b).
13
Let h(d) = -11*d**2 - 3*d + 1. Let q(y) = -10*y**2 - 6*y - 2. Let g(z) = -2*h(z) + 2*q(z). Calculate g(-1).
2
Let h be (4/6)/((-16)/24) + (183 - 171). Let k(a) = a**3 - 11*a**2 - 3*a + 9. What is k(h)?
-24
Suppose -s = l, 5 = -l + 3. Let b(z) = -3*z - 2 + s*z + 13 - 3. Let w be 30/(-3)*8/(-16). Calculate b(w).
3
Suppose 0 = 3*o - 5*o - 4*n + 28, -3*o + 4*n + 22 = 0. Let s(k) be the first derivative of k**4/4 - 3*k**3 - 5*k**2 - k - 330. What is s(o)?
-1
Suppose 4*l + 2 = -3*r - 1, 5 = 5*l - 5*r. Suppose -6*j + 1 + 11 = l. Let d(x) = -x**2 - x + x - 17*x**3 + j + 16*x**3. Give d(-3).
20
Suppose 2*n - 3*w = 12, 0*w = w + 2. Let v(p) = -6*p**2 - 95*p - p**n + 3 + 48*p + 46*p. Give v(-6).
9
Suppose 6*c - 11*c + 851 = -l, 3*l + 513 = 3*c. Let y = -173 + c. Let n(x) = x + 1. Determine n(y).
-2
Let k(g) be the third derivative of -g**4/8 - 17*g**3/2 - 13*g**2 - 30*g. Give k(-15).
-6
Let p(u) = 6*u**2 + 9 - 5*u - 7*u**2 - u + 13*u. Calculate p(7).
9
Let u(v) be the first derivative of v**4/24 - 5*v**3/6 + 32*v**2 + 69. Let l(s) be the second derivative of u(s). Determine l(8).
3
Let v(x) be the third derivative of -11*x**4/24 + 19*x**3/6 - 7*x**2 + 2. Let k be v(2). Let t(y) = y**2 + 3*y - 2. What is t(k)?
-2
Let a = -20 - -23. Let k(o) = -3*o + 130*o**2 - 129*o**2 + 2*o - 1. Let f(y) = y**2 - 2*y - 1. Let n(w) = a*f(w) - 2*k(w). What is n(3)?
-4
Let y(i) = i**3 - 8*i**2 - 10*i + 3. Let o be 4*1/(-5)*10/(-4). Let z(a) = 11 + 0*a - 3*a + o*a. Let f be z(2). Give y(f).
-6
Let z be (113 - 101)*2/3. Let y(b) = 7*b - 52. Calculate y(z).
4
Let l(f) be the second derivative of -f**5/20 + 5*f**4/12 + 14*f**3/3 - 31*f**2/2 + 313*f - 7. What is l(8)?
1
Let d(h) = -12*h - 11 + h**2 - 17*h - 2*h**2 + 31*h - 3. Give d(0).
-14
Let y(n) be the third derivative of -n**4/12 - 5*n**3/2 + 81*n**2 + 2*n. Determine y(-7).
-1
Let m(d) = 17*d**2 - 21*d + 43. Let l(c) = 7*c**2 - 10*c + 20. Let w(q) = -5*l(q) + 2*m(q). Determine w(6).
-2
Let l(k) = 2*k**2 + 8*k - 9. Suppose -108*x = -69*x - 53*x + 28. Calculate l(x).
15
Let t(o) = 7*o + 99. Let c(y) = 29*y + 437. Let g(h) = -2*c(h) + 9*t(h). Calculate g(9).
62
Let q(x) = x. Let g(n) = 0 + 3*n**2 - 1 - 8*n**2 + 8*n + 4*n**2. Let o(h) = g(h) - 3*q(h). Let r = 17 + -12. Determine o(r).
-1
Suppose 62 - 59 = 3*f. Let y(k) be the third derivative of k**6/30 - k**5/60 + 177*k**2. Give y(f).
3
Let o(u) = 1243*u**2 - 2470*u**2 - u**3 + 656 - 655 + 1228*u**2. Let m be -1 + 2/(4/2). Suppose d = 2 - m. Calculate o(d).
-3
Let b(w) = w**3 + 12*w**2 - 27*w + 21. Let u be b(-14). Let j(a) = 127790 + u*a**2 - a - 127790. Determine j(1).
6
Suppose 2*v + 2 = -55*a + 59*a, -5*a + 4 = -v. Suppose 0 = 4*d - 7*d + 6. Let i(o) = -o**2 + o - 1. Let n(p) = -3*p - 2. Let g(s) = a*n(s) + d*i(s). Give g(-3).
-19
Let v(s) = -s + 12. Suppose 5*k = -a + 170 - 195, 0 = 2*a - k - 5. Let p = -7 - -11. Suppose a = p*g + 15 - 51. Give v(g).
3
Let j(d) = -d**3 + 30*d**2 - 63*d + 198. Let y(h) = -h**2 - 117*h - 3392. Let x be y(-60). Give j(x).
2
Let b(u) = 802*u**2 + u - 1. Let r be b(1). Let o = r + -797. Let l(g) = 3*g + g - 7 - 3*g. Determine l(o).
-2
Let v(d) = 25*d - 2. Let c(y) = -56*y + 9. Let g(w) = 167*w - 25. Let r(t) = -8*c(t) - 3*g(t). Let j(n) = -6*r(n) - 13*v(n). Determine j(7).
-41
Let w(n) = 7*n**3 - n - 1. Let x be ((-24)/36)/(-1 + 122/126). Suppose 5*o = -3*l + 10*o + x, 21 = 3*l + o. Suppose 0 = -12*i + 5*i - l. Give w(i).
-7
Let h(z) be the second derivative of -4*z**3/3 - 8*z**2 - 434*z + 2. Give h(-2).
0
Suppose 2*o = m + 6, -m + o = -1 + 5. Suppose 7*b - 23 = -2. Let q(a) = 3*a + a**3 + 42 - 41 - a**2 - 2*a**b - 3*a**3. Give q(m).
23
Let x(o) = -1758*o + 3512*o + 25 - 1756*o. What is x(5)?
15
Let d(b) = -b**3 + 3*b - 4. Let g(c) = c**3 - 10*c**2 - 12*c. Let q be g(5). Let l = 187 + q. Give d(l).
-6
Let h(f) = 21. Let l(z) = 43. Let p(q) = -13*h(q) + 6*l(q). Let n(d) = d + 1. Let x(w) = -n(w) + p(w). Give x(-9).
-7
Let c(t) = t**3 - 3*t**2 - 3*t - 4. Let f = -47 - -85. Let o be (f + -6)/4 - 4. Calculate c(o).
0
Suppose -9*a + 24 = -a. Suppose -9*r = -a*r - 204. Let u be (r/(-10) + 1)/((-6)/(-20)). Let b(d) = d**3 + 8*d**2 + d + 10. Give b(u).
2
Let d(v) = v + 3. Suppose -7*y = -27*y - 20. Let b be -4 + y/(-1) - -1. Give d(b).
1
Let o(j) = -j - 3. Let v = 562 - 534. Let q be 116/28 - (3 + (-80)/v). Calculate o(q).
-7
Let z(j) = 3*j**3 + j**2 + 2*j - 3. Let k(n) = 4*n + 86. Let c be k(20). Suppose -17*q = -c - 38. Suppose m - q = -10. Give z(m).
29
Let r(t) be the second derivative of 0*t**2 - 11/6*t**3 + 0 - 3*t. Suppose -155*m - 88 = -398. What is r(m)?
-22
Let s(m) = 28*m - 1202. Let u be s(43). Let z(b) be the first derivative of -1/3*b**3 + u + 3*b + b**2. Calculate z(-2).
-5
Let o(i) be the first derivative of 48 - 2*i + 1/4*i**4 + 4/3*i**3 + i**2. Suppose -a = -5*q - 5 - 2, -a + 2*q = -1. Determine o(a).
1
Let p(g) = -7*g. Let l be 7 + -4 - 90*-1. Let b = l - 95. What is p(b)?
14
Let m(v) = v**2 + 4*v + 2. Let b = -49 + 56. Suppose 5*w + 4*u - b = 4, 5*u = -2*w + 1. Suppose o = -3*s - 5 - 4, s - 17 = w*o. What is m(o)?
14
Let m(k) = 3*k + 12. Let x be -11*1/(-2)*(8 + -6). Let q(d) = 20 + 16 + x - d - 48. Let w(o) = m(o) + 4*q(o). What is w(10)?
-2
Let p(a) = 59*a - 7. Let o be 3 - ((-4)/18 - (-4)/(-216)*-12). Determine p(o).
170
Suppose -255 = 5*b + 145. Let n = -85 - b. Let x(d) = d**3 + 5*d**2 + 4*d - 4. Give x(n).
-24
Let y = -5279/4 + 1320. Let x(i) be the first derivative of 0*i**3 - i - 15 - y*i**4 - 1/2*i**2. Calculate x(-1).
1
Let u = 136 + -142. Let i(m) = -m**3 + m - 1. Let p(o) = -10*o**3 + 4*o - 8. Let f(s) = u*i(s) + p(s). Calculate f(-2).
34
Let k(c) = -2*c**2 + 12*c + 17. Let w be k(7). Let y(o) = 0*o**3 - o**3 + 12*o**2 + o - 7*o**2 - w*o. What is y(2)?
8
Let w = 3439 + -3467. Let x(c) = c**3 + 26*c**2 - 56*c + 7. Give x(w).
7
Let l(m) = -m + 3. Suppose 4*x - 276 = -4*h - 0*h, -3*h - 2*x + 202 = 0. Let d be (16/h)/(2/48). Determine l(d).
-3
Let g(k) be the first derivative of k**2 + 15*k**2 - 4*k**2 - 131 + 14*k - 5*k**2 - 6*k**2. Calculate g(-9).
-4
Let j(t) be the first derivative of -3*t**2/2 + 23*t + 3516. Determine j(0).
23
Let u = -21851 - -21834. Let q(s) = -s + 6. Determine q(u).
23
Let p(x) = -x**2 + 9. Suppose -17*u = -20*u - 3*v + 24, -v - 20 = -3*u. Suppose f + u - 6 = k, 5*f - 4*k = -7. Give p(f).
0
Suppose 10*d = -57059 + 57049. Let n(x) = 27*x - 4. Calculate n(d).
-31
Let l(a) be the third derivative of a**8/20160 - a**7/630 + a**6/40 - a**5/30 + 59*a**4/24 - 25*a**2. Let h(q) be the third derivative of l(q). Determine h(6).
6
Suppose -9*t = 418 - 373. Let y(u) = 19*u - 1. Let i(w) = 9*w - 1. Let f(k) = -13*i(k) + 6*y(k). Calculate f(t).
22
Let z(d) = d**2 + 4*d - 458. Let y(r) = -2*r**2 - 8*r + 801. Let p(s) = 4*y(s) + 7*z(s). Suppose -2*b + 20 = -6*b. Let i = b - -1. Determine p(i).
-2
Let l(w) be the third derivative of w**5/10 - w**4/6 + w**3/2 - 283*w**2. Suppose 4 = -17*g + 19*g. What is l(g)?
19
Let v(z) = -3*z + 30. Let p(t) = 5*t - 47. Let c(a) = a + 10. Let k be c(-2). Let w(m) = k*v(m) + 5*p(m). Calculate w(-5).
0
Let j(c) be the third derivative of 6*c**2 - 1/24*c**4 + 0*c + 1/6*c**3 + 0. Let m = 995 - 1001. What is j(m)?
7
Let m(a) = -a**3 + 29*a**2 - 118*a + 5. Let p be m(5). Let k(j) = -19 + 3*j**3 + 0*j**3 - j**2 + p - 9*j**3 + 5.